{"id":501,"date":"2019-01-22T12:35:33","date_gmt":"2019-01-22T11:35:33","guid":{"rendered":"http:\/\/neantvert.eu\/bref\/?page_id=501"},"modified":"2019-01-22T12:50:01","modified_gmt":"2019-01-22T11:50:01","slug":"notes","status":"publish","type":"page","link":"https:\/\/neantvert.eu\/bref\/notes\/","title":{"rendered":"Notes"},"content":{"rendered":"\n<p>Sur N\u00e9ant Bref, chaque critique se conclut par deux notes: une note <strong>sous&nbsp;forme&nbsp;d&rsquo;\u00e9toiles<\/strong> (sur 5) et une note <strong>sous&nbsp;forme&nbsp;de&nbsp;visage&nbsp;de&nbsp;Tachibana&nbsp;Hibiki&nbsp;de&nbsp;Symphogear<\/strong>, avec une dizaine de visages possibles. <\/p>\n\n\n\n<h2 class=\"wp-block-heading\">Note \u00e9toil\u00e9e<\/h2>\n\n\n\n<p>Sur 5, et avec un syst\u00e8me de demi-points, la note \u00e9toil\u00e9e repr\u00e9sente ce que je juge \u00eatre la <strong>valeur&nbsp;objective<\/strong> de ce que je viens de critiquer. L&rsquo;id\u00e9e est d&rsquo;utiliser l&rsquo;ensemble de l&rsquo;\u00e9chelle, sachant que je consid\u00e8re une oeuvre \u00e0 3 \u00e9toiles <strong>comme&nbsp;une&nbsp;bonne&nbsp;oeuvre.<\/strong> Voici le bar\u00eame \u00e0 l&rsquo;heure actuelle:<\/p>\n\n\n\n<table class=\"wp-block-table\"><tbody><tr><td><img decoding=\"async\" class=\"usr\" src=\"https:\/\/neantvert.eu\/bref\/wp-content\/plugins\/universal-star-rating\/includes\/image.php?img=02.png&amp;px=36&amp;max=5&amp;rat=5\" alt=\"5 out of 5 stars\" style=\"height: 36px !important;\" \/> (5 \/ 5)<\/td><td><strong>Chef&nbsp;d&rsquo;oeuvre<\/strong><br><\/td><\/tr><tr><td><img decoding=\"async\" class=\"usr\" src=\"https:\/\/neantvert.eu\/bref\/wp-content\/plugins\/universal-star-rating\/includes\/image.php?img=02.png&amp;px=36&amp;max=5&amp;rat=4.5\" alt=\"4.5 out of 5 stars\" style=\"height: 36px !important;\" \/> (4,5 \/ 5)<\/td><td><strong>Magistral<\/strong><br><\/td><\/tr><tr><td><img decoding=\"async\" class=\"usr\" src=\"https:\/\/neantvert.eu\/bref\/wp-content\/plugins\/universal-star-rating\/includes\/image.php?img=02.png&amp;px=36&amp;max=5&amp;rat=4\" alt=\"4 out of 5 stars\" style=\"height: 36px !important;\" \/> (4 \/ 5)<\/td><td><strong>Excellent<\/strong><br><\/td><\/tr><tr><td><img decoding=\"async\" class=\"usr\" src=\"https:\/\/neantvert.eu\/bref\/wp-content\/plugins\/universal-star-rating\/includes\/image.php?img=02.png&amp;px=36&amp;max=5&amp;rat=3.5\" alt=\"3.5 out of 5 stars\" style=\"height: 36px !important;\" \/> (3,5 \/ 5)<\/td><td><strong>Tr\u00e8s&nbsp;bien<\/strong><\/td><\/tr><tr><td><img decoding=\"async\" class=\"usr\" src=\"https:\/\/neantvert.eu\/bref\/wp-content\/plugins\/universal-star-rating\/includes\/image.php?img=02.png&amp;px=36&amp;max=5&amp;rat=3\" alt=\"3 out of 5 stars\" style=\"height: 36px !important;\" \/> (3 \/ 5)<\/td><td><strong>Bien<\/strong><\/td><\/tr><tr><td><img decoding=\"async\" class=\"usr\" src=\"https:\/\/neantvert.eu\/bref\/wp-content\/plugins\/universal-star-rating\/includes\/image.php?img=02.png&amp;px=36&amp;max=5&amp;rat=2.5\" alt=\"2.5 out of 5 stars\" style=\"height: 36px !important;\" \/> (2,5 \/ 5)<\/td><td><strong>Correct<\/strong><\/td><\/tr><tr><td><img decoding=\"async\" class=\"usr\" src=\"https:\/\/neantvert.eu\/bref\/wp-content\/plugins\/universal-star-rating\/includes\/image.php?img=02.png&amp;px=36&amp;max=5&amp;rat=2\" alt=\"2 out of 5 stars\" style=\"height: 36px !important;\" \/> (2 \/ 5)<\/td><td><strong>Moyen<\/strong><\/td><\/tr><tr><td><img decoding=\"async\" class=\"usr\" src=\"https:\/\/neantvert.eu\/bref\/wp-content\/plugins\/universal-star-rating\/includes\/image.php?img=02.png&amp;px=36&amp;max=5&amp;rat=1.5\" alt=\"1.5 out of 5 stars\" style=\"height: 36px !important;\" \/> (1,5 \/ 5)<\/td><td><strong>Meh<\/strong><\/td><\/tr><tr><td><img decoding=\"async\" class=\"usr\" src=\"https:\/\/neantvert.eu\/bref\/wp-content\/plugins\/universal-star-rating\/includes\/image.php?img=02.png&amp;px=36&amp;max=5&amp;rat=1\" alt=\"1 out of 5 stars\" style=\"height: 36px !important;\" \/> (1 \/ 5)<\/td><td><strong>M\u00e9diocre<\/strong><\/td><\/tr><tr><td><img decoding=\"async\" class=\"usr\" src=\"https:\/\/neantvert.eu\/bref\/wp-content\/plugins\/universal-star-rating\/includes\/image.php?img=02.png&amp;px=36&amp;max=5&amp;rat=0.5\" alt=\"0.5 out of 5 stars\" style=\"height: 36px !important;\" \/> (0,5 \/ 5)<\/td><td><strong>Mauvais<\/strong><br><\/td><\/tr><tr><td><img decoding=\"async\" class=\"usr\" src=\"https:\/\/neantvert.eu\/bref\/wp-content\/plugins\/universal-star-rating\/includes\/image.php?img=02.png&amp;px=36&amp;max=5&amp;rat=0\" alt=\"0 out of 5 stars\" style=\"height: 36px !important;\" \/> (0 \/ 5)<\/td><td><strong>Castastrophique<\/strong><\/td><\/tr><\/tbody><\/table>\n\n\n\n<h2 class=\"wp-block-heading\">Les T\u00eates de Hibiki<\/h2>\n\n\n\n<p>En attendant de me bouger le cul et de commissionner un artiste, la totalit\u00e9 de ces expressions proviennent de la s\u00e9rie d&rsquo;OAV <em>Senki\u00a0Zesshoshinai\u00a0Symphogear<\/em>, des OAV comiques et parodiques dans l&rsquo;univers de Symphogear. Ces visages repr\u00e9sentent mon sentiment personnel face \u00e0 l&rsquo;oeuvre \u00e9voqu\u00e9. Voici tous les visages dans mon arsenal: <\/p>\n\n\n\n<ul class=\"wp-block-gallery columns-2 is-cropped wp-block-gallery-1 is-layout-flex wp-block-gallery-is-layout-flex\"><li class=\"blocks-gallery-item\"><figure><img data-recalc-dims=\"1\" loading=\"lazy\" decoding=\"async\" width=\"250\" height=\"250\" data-attachment-id=\"92\" data-permalink=\"https:\/\/neantvert.eu\/bref\/2018\/12\/28\/shoujo-kageki-revue-starlight\/bikkiverygood-2\/\" data-orig-file=\"https:\/\/i0.wp.com\/neantvert.eu\/bref\/wp-content\/uploads\/2018\/12\/BikkiVeryGood-1.png?fit=250%2C250&amp;ssl=1\" data-orig-size=\"250,250\" data-comments-opened=\"1\" data-image-meta=\"{&quot;aperture&quot;:&quot;0&quot;,&quot;credit&quot;:&quot;&quot;,&quot;camera&quot;:&quot;&quot;,&quot;caption&quot;:&quot;&quot;,&quot;created_timestamp&quot;:&quot;0&quot;,&quot;copyright&quot;:&quot;&quot;,&quot;focal_length&quot;:&quot;0&quot;,&quot;iso&quot;:&quot;0&quot;,&quot;shutter_speed&quot;:&quot;0&quot;,&quot;title&quot;:&quot;&quot;,&quot;orientation&quot;:&quot;0&quot;}\" data-image-title=\"BikkiVeryGood\" data-image-description=\"\" data-image-caption=\"&lt;p&gt;BIKKI ULTRA ENTHOUSIASTE &#8211; Regardez comme elle est contente d&amp;rsquo;avoir vu cette oeuvre !&lt;\/p&gt;\n\" data-medium-file=\"https:\/\/i0.wp.com\/neantvert.eu\/bref\/wp-content\/uploads\/2018\/12\/BikkiVeryGood-1.png?fit=250%2C250&amp;ssl=1\" data-large-file=\"https:\/\/i0.wp.com\/neantvert.eu\/bref\/wp-content\/uploads\/2018\/12\/BikkiVeryGood-1.png?fit=250%2C250&amp;ssl=1\" src=\"https:\/\/i0.wp.com\/neantvert.eu\/bref\/wp-content\/uploads\/2018\/12\/BikkiVeryGood-1.png?resize=250%2C250\" alt=\"\" data-id=\"92\" data-link=\"http:\/\/neantvert.eu\/bref\/2018\/12\/28\/shoujo-kageki-revue-starlight\/bikkiverygood-2\/\" class=\"wp-image-92\" srcset=\"https:\/\/i0.wp.com\/neantvert.eu\/bref\/wp-content\/uploads\/2018\/12\/BikkiVeryGood-1.png?w=250&amp;ssl=1 250w, https:\/\/i0.wp.com\/neantvert.eu\/bref\/wp-content\/uploads\/2018\/12\/BikkiVeryGood-1.png?resize=150%2C150&amp;ssl=1 150w, https:\/\/i0.wp.com\/neantvert.eu\/bref\/wp-content\/uploads\/2018\/12\/BikkiVeryGood-1.png?resize=75%2C75&amp;ssl=1 75w\" sizes=\"auto, (max-width: 250px) 100vw, 250px\" \/><figcaption>BIKKI ULTRA ENTHOUSIASTE &#8211; Regardez comme elle est contente d&rsquo;avoir vu cette oeuvre !<\/figcaption><\/figure><\/li><li class=\"blocks-gallery-item\"><figure><img data-recalc-dims=\"1\" loading=\"lazy\" decoding=\"async\" width=\"250\" height=\"250\" data-attachment-id=\"79\" data-permalink=\"https:\/\/neantvert.eu\/bref\/bikkigood\/\" data-orig-file=\"https:\/\/i0.wp.com\/neantvert.eu\/bref\/wp-content\/uploads\/2018\/12\/BikkiGood.png?fit=250%2C250&amp;ssl=1\" data-orig-size=\"250,250\" data-comments-opened=\"1\" data-image-meta=\"{&quot;aperture&quot;:&quot;0&quot;,&quot;credit&quot;:&quot;&quot;,&quot;camera&quot;:&quot;&quot;,&quot;caption&quot;:&quot;&quot;,&quot;created_timestamp&quot;:&quot;0&quot;,&quot;copyright&quot;:&quot;&quot;,&quot;focal_length&quot;:&quot;0&quot;,&quot;iso&quot;:&quot;0&quot;,&quot;shutter_speed&quot;:&quot;0&quot;,&quot;title&quot;:&quot;&quot;,&quot;orientation&quot;:&quot;0&quot;}\" data-image-title=\"BikkiGood\" data-image-description=\"\" data-image-caption=\"&lt;p&gt;BIKKI TRES SATISFAITE &#8211; \u00ab\u00a0C&amp;rsquo;\u00e9tait un excellent moment, je recommande avec v\u00e9h\u00e9mence\u00a0\u00bb&lt;\/p&gt;\n\" data-medium-file=\"https:\/\/i0.wp.com\/neantvert.eu\/bref\/wp-content\/uploads\/2018\/12\/BikkiGood.png?fit=250%2C250&amp;ssl=1\" data-large-file=\"https:\/\/i0.wp.com\/neantvert.eu\/bref\/wp-content\/uploads\/2018\/12\/BikkiGood.png?fit=250%2C250&amp;ssl=1\" src=\"https:\/\/i0.wp.com\/neantvert.eu\/bref\/wp-content\/uploads\/2018\/12\/BikkiGood.png?resize=250%2C250\" alt=\"\" data-id=\"79\" data-link=\"http:\/\/neantvert.eu\/bref\/bikkigood\/\" class=\"wp-image-79\" srcset=\"https:\/\/i0.wp.com\/neantvert.eu\/bref\/wp-content\/uploads\/2018\/12\/BikkiGood.png?w=250&amp;ssl=1 250w, https:\/\/i0.wp.com\/neantvert.eu\/bref\/wp-content\/uploads\/2018\/12\/BikkiGood.png?resize=150%2C150&amp;ssl=1 150w, https:\/\/i0.wp.com\/neantvert.eu\/bref\/wp-content\/uploads\/2018\/12\/BikkiGood.png?resize=75%2C75&amp;ssl=1 75w\" sizes=\"auto, (max-width: 250px) 100vw, 250px\" \/><figcaption>BIKKI TRES SATISFAITE &#8211; \u00ab\u00a0C&rsquo;\u00e9tait un excellent moment, je recommande avec v\u00e9h\u00e9mence\u00a0\u00bb<\/figcaption><\/figure><\/li><li class=\"blocks-gallery-item\"><figure><img data-recalc-dims=\"1\" loading=\"lazy\" decoding=\"async\" width=\"250\" height=\"250\" data-attachment-id=\"94\" data-permalink=\"https:\/\/neantvert.eu\/bref\/bikkinice\/\" data-orig-file=\"https:\/\/i0.wp.com\/neantvert.eu\/bref\/wp-content\/uploads\/2018\/12\/BikkiNice.png?fit=250%2C250&amp;ssl=1\" data-orig-size=\"250,250\" data-comments-opened=\"1\" data-image-meta=\"{&quot;aperture&quot;:&quot;0&quot;,&quot;credit&quot;:&quot;&quot;,&quot;camera&quot;:&quot;&quot;,&quot;caption&quot;:&quot;&quot;,&quot;created_timestamp&quot;:&quot;0&quot;,&quot;copyright&quot;:&quot;&quot;,&quot;focal_length&quot;:&quot;0&quot;,&quot;iso&quot;:&quot;0&quot;,&quot;shutter_speed&quot;:&quot;0&quot;,&quot;title&quot;:&quot;&quot;,&quot;orientation&quot;:&quot;0&quot;}\" data-image-title=\"BikkiNice\" data-image-description=\"\" data-image-caption=\"&lt;p&gt;BIKKI SATISFAITE &#8211; \u00ab\u00a0Yep, bon moment, je recommande.\u00a0\u00bb&lt;\/p&gt;\n\" data-medium-file=\"https:\/\/i0.wp.com\/neantvert.eu\/bref\/wp-content\/uploads\/2018\/12\/BikkiNice.png?fit=250%2C250&amp;ssl=1\" data-large-file=\"https:\/\/i0.wp.com\/neantvert.eu\/bref\/wp-content\/uploads\/2018\/12\/BikkiNice.png?fit=250%2C250&amp;ssl=1\" src=\"https:\/\/i0.wp.com\/neantvert.eu\/bref\/wp-content\/uploads\/2018\/12\/BikkiNice.png?resize=250%2C250\" alt=\"\" data-id=\"94\" data-link=\"http:\/\/neantvert.eu\/bref\/bikkinice\/\" class=\"wp-image-94\" srcset=\"https:\/\/i0.wp.com\/neantvert.eu\/bref\/wp-content\/uploads\/2018\/12\/BikkiNice.png?w=250&amp;ssl=1 250w, https:\/\/i0.wp.com\/neantvert.eu\/bref\/wp-content\/uploads\/2018\/12\/BikkiNice.png?resize=150%2C150&amp;ssl=1 150w, https:\/\/i0.wp.com\/neantvert.eu\/bref\/wp-content\/uploads\/2018\/12\/BikkiNice.png?resize=75%2C75&amp;ssl=1 75w\" sizes=\"auto, (max-width: 250px) 100vw, 250px\" \/><figcaption>BIKKI SATISFAITE &#8211; \u00ab\u00a0Yep, bon moment, je recommande.\u00a0\u00bb<\/figcaption><\/figure><\/li><li class=\"blocks-gallery-item\"><figure><img data-recalc-dims=\"1\" loading=\"lazy\" decoding=\"async\" width=\"250\" height=\"250\" data-attachment-id=\"82\" data-permalink=\"https:\/\/neantvert.eu\/bref\/bikkiok\/\" data-orig-file=\"https:\/\/i0.wp.com\/neantvert.eu\/bref\/wp-content\/uploads\/2018\/12\/BikkiOK.png?fit=250%2C250&amp;ssl=1\" data-orig-size=\"250,250\" data-comments-opened=\"1\" data-image-meta=\"{&quot;aperture&quot;:&quot;0&quot;,&quot;credit&quot;:&quot;&quot;,&quot;camera&quot;:&quot;&quot;,&quot;caption&quot;:&quot;&quot;,&quot;created_timestamp&quot;:&quot;0&quot;,&quot;copyright&quot;:&quot;&quot;,&quot;focal_length&quot;:&quot;0&quot;,&quot;iso&quot;:&quot;0&quot;,&quot;shutter_speed&quot;:&quot;0&quot;,&quot;title&quot;:&quot;&quot;,&quot;orientation&quot;:&quot;0&quot;}\" data-image-title=\"BikkiOK\" data-image-description=\"\" data-image-caption=\"&lt;p&gt;BIKKI CONTENTE &#8211; \u00ab\u00a0C&amp;rsquo;\u00e9tait pas mal&#8230;\u00a0\u00bb&lt;\/p&gt;\n\" data-medium-file=\"https:\/\/i0.wp.com\/neantvert.eu\/bref\/wp-content\/uploads\/2018\/12\/BikkiOK.png?fit=250%2C250&amp;ssl=1\" data-large-file=\"https:\/\/i0.wp.com\/neantvert.eu\/bref\/wp-content\/uploads\/2018\/12\/BikkiOK.png?fit=250%2C250&amp;ssl=1\" src=\"https:\/\/i0.wp.com\/neantvert.eu\/bref\/wp-content\/uploads\/2018\/12\/BikkiOK.png?resize=250%2C250\" alt=\"\" data-id=\"82\" data-link=\"http:\/\/neantvert.eu\/bref\/bikkiok\/\" class=\"wp-image-82\" srcset=\"https:\/\/i0.wp.com\/neantvert.eu\/bref\/wp-content\/uploads\/2018\/12\/BikkiOK.png?w=250&amp;ssl=1 250w, https:\/\/i0.wp.com\/neantvert.eu\/bref\/wp-content\/uploads\/2018\/12\/BikkiOK.png?resize=150%2C150&amp;ssl=1 150w, https:\/\/i0.wp.com\/neantvert.eu\/bref\/wp-content\/uploads\/2018\/12\/BikkiOK.png?resize=75%2C75&amp;ssl=1 75w\" sizes=\"auto, (max-width: 250px) 100vw, 250px\" \/><figcaption>BIKKI CONTENTE &#8211; \u00ab\u00a0C&rsquo;\u00e9tait pas mal&#8230;\u00a0\u00bb<\/figcaption><\/figure><\/li><li class=\"blocks-gallery-item\"><figure><img data-recalc-dims=\"1\" loading=\"lazy\" decoding=\"async\" width=\"250\" height=\"250\" data-attachment-id=\"80\" data-permalink=\"https:\/\/neantvert.eu\/bref\/bikkilol\/\" data-orig-file=\"https:\/\/i0.wp.com\/neantvert.eu\/bref\/wp-content\/uploads\/2018\/12\/BikkiLol.png?fit=250%2C250&amp;ssl=1\" data-orig-size=\"250,250\" data-comments-opened=\"1\" data-image-meta=\"{&quot;aperture&quot;:&quot;0&quot;,&quot;credit&quot;:&quot;&quot;,&quot;camera&quot;:&quot;&quot;,&quot;caption&quot;:&quot;&quot;,&quot;created_timestamp&quot;:&quot;0&quot;,&quot;copyright&quot;:&quot;&quot;,&quot;focal_length&quot;:&quot;0&quot;,&quot;iso&quot;:&quot;0&quot;,&quot;shutter_speed&quot;:&quot;0&quot;,&quot;title&quot;:&quot;&quot;,&quot;orientation&quot;:&quot;0&quot;}\" data-image-title=\"BikkiLol\" data-image-description=\"\" data-image-caption=\"&lt;p&gt;BIKKI LOL &#8211; \u00ab\u00a0J&amp;rsquo;ai bien rigol\u00e9, lol\u00a0\u00bb&lt;\/p&gt;\n\" data-medium-file=\"https:\/\/i0.wp.com\/neantvert.eu\/bref\/wp-content\/uploads\/2018\/12\/BikkiLol.png?fit=250%2C250&amp;ssl=1\" data-large-file=\"https:\/\/i0.wp.com\/neantvert.eu\/bref\/wp-content\/uploads\/2018\/12\/BikkiLol.png?fit=250%2C250&amp;ssl=1\" src=\"https:\/\/i0.wp.com\/neantvert.eu\/bref\/wp-content\/uploads\/2018\/12\/BikkiLol.png?resize=250%2C250\" alt=\"\" data-id=\"80\" data-link=\"http:\/\/neantvert.eu\/bref\/bikkilol\/\" class=\"wp-image-80\" srcset=\"https:\/\/i0.wp.com\/neantvert.eu\/bref\/wp-content\/uploads\/2018\/12\/BikkiLol.png?w=250&amp;ssl=1 250w, https:\/\/i0.wp.com\/neantvert.eu\/bref\/wp-content\/uploads\/2018\/12\/BikkiLol.png?resize=150%2C150&amp;ssl=1 150w, https:\/\/i0.wp.com\/neantvert.eu\/bref\/wp-content\/uploads\/2018\/12\/BikkiLol.png?resize=75%2C75&amp;ssl=1 75w\" sizes=\"auto, (max-width: 250px) 100vw, 250px\" \/><figcaption>BIKKI LOL &#8211; \u00ab\u00a0J&rsquo;ai bien rigol\u00e9, lol\u00a0\u00bb<\/figcaption><\/figure><\/li><li class=\"blocks-gallery-item\"><figure><img data-recalc-dims=\"1\" loading=\"lazy\" decoding=\"async\" width=\"250\" height=\"250\" data-attachment-id=\"81\" data-permalink=\"https:\/\/neantvert.eu\/bref\/bikkimeh\/\" data-orig-file=\"https:\/\/i0.wp.com\/neantvert.eu\/bref\/wp-content\/uploads\/2018\/12\/BikkiMeh.png?fit=250%2C250&amp;ssl=1\" data-orig-size=\"250,250\" data-comments-opened=\"1\" data-image-meta=\"{&quot;aperture&quot;:&quot;0&quot;,&quot;credit&quot;:&quot;&quot;,&quot;camera&quot;:&quot;&quot;,&quot;caption&quot;:&quot;&quot;,&quot;created_timestamp&quot;:&quot;0&quot;,&quot;copyright&quot;:&quot;&quot;,&quot;focal_length&quot;:&quot;0&quot;,&quot;iso&quot;:&quot;0&quot;,&quot;shutter_speed&quot;:&quot;0&quot;,&quot;title&quot;:&quot;&quot;,&quot;orientation&quot;:&quot;0&quot;}\" data-image-title=\"BikkiMeh\" data-image-description=\"\" data-image-caption=\"&lt;p&gt;BIKKI MEH &#8211; \u00ab\u00a0Mmmm \u00e7a manquait d&amp;rsquo;un je ne sais quoi&#8230;\u00a0\u00bb&lt;\/p&gt;\n\" data-medium-file=\"https:\/\/i0.wp.com\/neantvert.eu\/bref\/wp-content\/uploads\/2018\/12\/BikkiMeh.png?fit=250%2C250&amp;ssl=1\" data-large-file=\"https:\/\/i0.wp.com\/neantvert.eu\/bref\/wp-content\/uploads\/2018\/12\/BikkiMeh.png?fit=250%2C250&amp;ssl=1\" src=\"https:\/\/i0.wp.com\/neantvert.eu\/bref\/wp-content\/uploads\/2018\/12\/BikkiMeh.png?resize=250%2C250\" alt=\"\" data-id=\"81\" data-link=\"http:\/\/neantvert.eu\/bref\/bikkimeh\/\" class=\"wp-image-81\" srcset=\"https:\/\/i0.wp.com\/neantvert.eu\/bref\/wp-content\/uploads\/2018\/12\/BikkiMeh.png?w=250&amp;ssl=1 250w, https:\/\/i0.wp.com\/neantvert.eu\/bref\/wp-content\/uploads\/2018\/12\/BikkiMeh.png?resize=150%2C150&amp;ssl=1 150w, https:\/\/i0.wp.com\/neantvert.eu\/bref\/wp-content\/uploads\/2018\/12\/BikkiMeh.png?resize=75%2C75&amp;ssl=1 75w\" sizes=\"auto, (max-width: 250px) 100vw, 250px\" \/><figcaption>BIKKI MEH &#8211; \u00ab\u00a0Mmmm \u00e7a manquait d&rsquo;un je ne sais quoi&#8230;\u00a0\u00bb<\/figcaption><\/figure><\/li><li class=\"blocks-gallery-item\"><figure><img data-recalc-dims=\"1\" loading=\"lazy\" decoding=\"async\" width=\"250\" height=\"250\" data-attachment-id=\"91\" data-permalink=\"https:\/\/neantvert.eu\/bref\/bikkiwtfdude\/\" data-orig-file=\"https:\/\/i0.wp.com\/neantvert.eu\/bref\/wp-content\/uploads\/2018\/12\/BikkiWTFDUDE.png?fit=250%2C250&amp;ssl=1\" data-orig-size=\"250,250\" data-comments-opened=\"1\" data-image-meta=\"{&quot;aperture&quot;:&quot;0&quot;,&quot;credit&quot;:&quot;&quot;,&quot;camera&quot;:&quot;&quot;,&quot;caption&quot;:&quot;&quot;,&quot;created_timestamp&quot;:&quot;0&quot;,&quot;copyright&quot;:&quot;&quot;,&quot;focal_length&quot;:&quot;0&quot;,&quot;iso&quot;:&quot;0&quot;,&quot;shutter_speed&quot;:&quot;0&quot;,&quot;title&quot;:&quot;&quot;,&quot;orientation&quot;:&quot;0&quot;}\" data-image-title=\"BikkiWTFDUDE\" data-image-description=\"\" data-image-caption=\"&lt;p&gt;BIKKI WAT &#8211; \u00ab\u00a0Non mais qu&amp;rsquo;est-ce qu&amp;rsquo;il s&amp;rsquo;est pass\u00e9, l\u00e0 ???\u00a0\u00bb&lt;\/p&gt;\n\" data-medium-file=\"https:\/\/i0.wp.com\/neantvert.eu\/bref\/wp-content\/uploads\/2018\/12\/BikkiWTFDUDE.png?fit=250%2C250&amp;ssl=1\" data-large-file=\"https:\/\/i0.wp.com\/neantvert.eu\/bref\/wp-content\/uploads\/2018\/12\/BikkiWTFDUDE.png?fit=250%2C250&amp;ssl=1\" src=\"https:\/\/i0.wp.com\/neantvert.eu\/bref\/wp-content\/uploads\/2018\/12\/BikkiWTFDUDE.png?resize=250%2C250\" alt=\"\" data-id=\"91\" data-link=\"http:\/\/neantvert.eu\/bref\/bikkiwtfdude\/\" class=\"wp-image-91\" srcset=\"https:\/\/i0.wp.com\/neantvert.eu\/bref\/wp-content\/uploads\/2018\/12\/BikkiWTFDUDE.png?w=250&amp;ssl=1 250w, https:\/\/i0.wp.com\/neantvert.eu\/bref\/wp-content\/uploads\/2018\/12\/BikkiWTFDUDE.png?resize=150%2C150&amp;ssl=1 150w, https:\/\/i0.wp.com\/neantvert.eu\/bref\/wp-content\/uploads\/2018\/12\/BikkiWTFDUDE.png?resize=75%2C75&amp;ssl=1 75w\" sizes=\"auto, (max-width: 250px) 100vw, 250px\" \/><figcaption>BIKKI WAT &#8211; \u00ab\u00a0Non mais qu&rsquo;est-ce qu&rsquo;il s&rsquo;est pass\u00e9, l\u00e0 ???\u00a0\u00bb<\/figcaption><\/figure><\/li><li class=\"blocks-gallery-item\"><figure><img data-recalc-dims=\"1\" loading=\"lazy\" decoding=\"async\" width=\"250\" height=\"250\" data-attachment-id=\"84\" data-permalink=\"https:\/\/neantvert.eu\/bref\/bikkipfff\/\" data-orig-file=\"https:\/\/i0.wp.com\/neantvert.eu\/bref\/wp-content\/uploads\/2018\/12\/BikkiPfff.png?fit=250%2C250&amp;ssl=1\" data-orig-size=\"250,250\" data-comments-opened=\"1\" data-image-meta=\"{&quot;aperture&quot;:&quot;0&quot;,&quot;credit&quot;:&quot;&quot;,&quot;camera&quot;:&quot;&quot;,&quot;caption&quot;:&quot;&quot;,&quot;created_timestamp&quot;:&quot;0&quot;,&quot;copyright&quot;:&quot;&quot;,&quot;focal_length&quot;:&quot;0&quot;,&quot;iso&quot;:&quot;0&quot;,&quot;shutter_speed&quot;:&quot;0&quot;,&quot;title&quot;:&quot;&quot;,&quot;orientation&quot;:&quot;0&quot;}\" data-image-title=\"BikkiPfff\" data-image-description=\"\" data-image-caption=\"&lt;p&gt;BIKKI DECUE &#8211; \u00ab\u00a0Ca pouvait \u00eatre tellement meilleur&#8230;\u00a0\u00bb&lt;\/p&gt;\n\" data-medium-file=\"https:\/\/i0.wp.com\/neantvert.eu\/bref\/wp-content\/uploads\/2018\/12\/BikkiPfff.png?fit=250%2C250&amp;ssl=1\" data-large-file=\"https:\/\/i0.wp.com\/neantvert.eu\/bref\/wp-content\/uploads\/2018\/12\/BikkiPfff.png?fit=250%2C250&amp;ssl=1\" src=\"https:\/\/i0.wp.com\/neantvert.eu\/bref\/wp-content\/uploads\/2018\/12\/BikkiPfff.png?resize=250%2C250\" alt=\"\" data-id=\"84\" data-link=\"http:\/\/neantvert.eu\/bref\/bikkipfff\/\" class=\"wp-image-84\" srcset=\"https:\/\/i0.wp.com\/neantvert.eu\/bref\/wp-content\/uploads\/2018\/12\/BikkiPfff.png?w=250&amp;ssl=1 250w, https:\/\/i0.wp.com\/neantvert.eu\/bref\/wp-content\/uploads\/2018\/12\/BikkiPfff.png?resize=150%2C150&amp;ssl=1 150w, https:\/\/i0.wp.com\/neantvert.eu\/bref\/wp-content\/uploads\/2018\/12\/BikkiPfff.png?resize=75%2C75&amp;ssl=1 75w\" sizes=\"auto, (max-width: 250px) 100vw, 250px\" \/><figcaption>BIKKI DECUE &#8211; \u00ab\u00a0Ca pouvait \u00eatre tellement meilleur&#8230;\u00a0\u00bb<\/figcaption><\/figure><\/li><li class=\"blocks-gallery-item\"><figure><img data-recalc-dims=\"1\" loading=\"lazy\" decoding=\"async\" width=\"250\" height=\"250\" data-attachment-id=\"78\" data-permalink=\"https:\/\/neantvert.eu\/bref\/bikkideg\/\" data-orig-file=\"https:\/\/i0.wp.com\/neantvert.eu\/bref\/wp-content\/uploads\/2018\/12\/BikkiDeg.png?fit=250%2C250&amp;ssl=1\" data-orig-size=\"250,250\" data-comments-opened=\"1\" data-image-meta=\"{&quot;aperture&quot;:&quot;0&quot;,&quot;credit&quot;:&quot;&quot;,&quot;camera&quot;:&quot;&quot;,&quot;caption&quot;:&quot;&quot;,&quot;created_timestamp&quot;:&quot;0&quot;,&quot;copyright&quot;:&quot;&quot;,&quot;focal_length&quot;:&quot;0&quot;,&quot;iso&quot;:&quot;0&quot;,&quot;shutter_speed&quot;:&quot;0&quot;,&quot;title&quot;:&quot;&quot;,&quot;orientation&quot;:&quot;0&quot;}\" data-image-title=\"BikkiDeg\" data-image-description=\"\" data-image-caption=\"&lt;p&gt;BIKKI TRES DEG &#8211; \u00ab\u00a0Y&amp;rsquo;a rien qui va&#8230; C&amp;rsquo;est quoi la vie, c&amp;rsquo;est quoi la mort, c&amp;rsquo;est quoi le sens de l&amp;rsquo;existence&#8230; ?\u00a0\u00bb&lt;\/p&gt;\n\" data-medium-file=\"https:\/\/i0.wp.com\/neantvert.eu\/bref\/wp-content\/uploads\/2018\/12\/BikkiDeg.png?fit=250%2C250&amp;ssl=1\" data-large-file=\"https:\/\/i0.wp.com\/neantvert.eu\/bref\/wp-content\/uploads\/2018\/12\/BikkiDeg.png?fit=250%2C250&amp;ssl=1\" src=\"https:\/\/i0.wp.com\/neantvert.eu\/bref\/wp-content\/uploads\/2018\/12\/BikkiDeg.png?resize=250%2C250\" alt=\"\" data-id=\"78\" data-link=\"http:\/\/neantvert.eu\/bref\/bikkideg\/\" class=\"wp-image-78\" srcset=\"https:\/\/i0.wp.com\/neantvert.eu\/bref\/wp-content\/uploads\/2018\/12\/BikkiDeg.png?w=250&amp;ssl=1 250w, https:\/\/i0.wp.com\/neantvert.eu\/bref\/wp-content\/uploads\/2018\/12\/BikkiDeg.png?resize=150%2C150&amp;ssl=1 150w, https:\/\/i0.wp.com\/neantvert.eu\/bref\/wp-content\/uploads\/2018\/12\/BikkiDeg.png?resize=75%2C75&amp;ssl=1 75w\" sizes=\"auto, (max-width: 250px) 100vw, 250px\" \/><figcaption>BIKKI TRES DEG &#8211; \u00ab\u00a0Y&rsquo;a rien qui va&#8230; C&rsquo;est quoi la vie, c&rsquo;est quoi la mort, c&rsquo;est quoi le sens de l&rsquo;existence&#8230; ?\u00a0\u00bb<\/figcaption><\/figure><\/li><li class=\"blocks-gallery-item\"><figure><img data-recalc-dims=\"1\" loading=\"lazy\" decoding=\"async\" width=\"250\" height=\"250\" data-attachment-id=\"90\" data-permalink=\"https:\/\/neantvert.eu\/bref\/bikkivnr\/\" data-orig-file=\"https:\/\/i0.wp.com\/neantvert.eu\/bref\/wp-content\/uploads\/2018\/12\/BikkiVNR.png?fit=250%2C250&amp;ssl=1\" data-orig-size=\"250,250\" data-comments-opened=\"1\" data-image-meta=\"{&quot;aperture&quot;:&quot;0&quot;,&quot;credit&quot;:&quot;&quot;,&quot;camera&quot;:&quot;&quot;,&quot;caption&quot;:&quot;&quot;,&quot;created_timestamp&quot;:&quot;0&quot;,&quot;copyright&quot;:&quot;&quot;,&quot;focal_length&quot;:&quot;0&quot;,&quot;iso&quot;:&quot;0&quot;,&quot;shutter_speed&quot;:&quot;0&quot;,&quot;title&quot;:&quot;&quot;,&quot;orientation&quot;:&quot;0&quot;}\" data-image-title=\"BikkiVNR\" data-image-description=\"\" data-image-caption=\"&lt;p&gt;BIKKI VNR &#8211; \u00ab\u00a0Non seulement j&amp;rsquo;ai pas aim\u00e9, mais en plus je me suis senti personnellement insult\u00e9\u00a0\u00bb&lt;\/p&gt;\n\" data-medium-file=\"https:\/\/i0.wp.com\/neantvert.eu\/bref\/wp-content\/uploads\/2018\/12\/BikkiVNR.png?fit=250%2C250&amp;ssl=1\" data-large-file=\"https:\/\/i0.wp.com\/neantvert.eu\/bref\/wp-content\/uploads\/2018\/12\/BikkiVNR.png?fit=250%2C250&amp;ssl=1\" src=\"https:\/\/i0.wp.com\/neantvert.eu\/bref\/wp-content\/uploads\/2018\/12\/BikkiVNR.png?resize=250%2C250\" alt=\"\" data-id=\"90\" data-link=\"http:\/\/neantvert.eu\/bref\/bikkivnr\/\" class=\"wp-image-90\" srcset=\"https:\/\/i0.wp.com\/neantvert.eu\/bref\/wp-content\/uploads\/2018\/12\/BikkiVNR.png?w=250&amp;ssl=1 250w, https:\/\/i0.wp.com\/neantvert.eu\/bref\/wp-content\/uploads\/2018\/12\/BikkiVNR.png?resize=150%2C150&amp;ssl=1 150w, https:\/\/i0.wp.com\/neantvert.eu\/bref\/wp-content\/uploads\/2018\/12\/BikkiVNR.png?resize=75%2C75&amp;ssl=1 75w\" sizes=\"auto, (max-width: 250px) 100vw, 250px\" \/><figcaption>BIKKI VNR &#8211; \u00ab\u00a0Non seulement j&rsquo;ai pas aim\u00e9, mais en plus je me suis senti personnellement insult\u00e9\u00a0\u00bb<\/figcaption><\/figure><\/li><\/ul>\n","protected":false},"excerpt":{"rendered":"<p>Sur N\u00e9ant Bref, chaque critique se conclut par deux notes: une note sous&nbsp;forme&nbsp;d&rsquo;\u00e9toiles (sur 5) et une note sous&nbsp;forme&nbsp;de&nbsp;visage&nbsp;de&nbsp;Tachibana&nbsp;Hibiki&nbsp;de&nbsp;Symphogear, avec une dizaine de visages possibles&#8230;.<\/p>\n","protected":false},"author":1,"featured_media":0,"parent":0,"menu_order":0,"comment_status":"closed","ping_status":"closed","template":"","meta":{"ngg_post_thumbnail":0,"jetpack_post_was_ever_published":false,"footnotes":""},"class_list":["post-501","page","type-page","status-publish","hentry"],"jetpack_shortlink":"https:\/\/wp.me\/PazRke-85","jetpack-related-posts":[],"jetpack_likes_enabled":true,"jetpack_sharing_enabled":true,"_links":{"self":[{"href":"https:\/\/neantvert.eu\/bref\/wp-json\/wp\/v2\/pages\/501","targetHints":{"allow":["GET"]}}],"collection":[{"href":"https:\/\/neantvert.eu\/bref\/wp-json\/wp\/v2\/pages"}],"about":[{"href":"https:\/\/neantvert.eu\/bref\/wp-json\/wp\/v2\/types\/page"}],"author":[{"embeddable":true,"href":"https:\/\/neantvert.eu\/bref\/wp-json\/wp\/v2\/users\/1"}],"replies":[{"embeddable":true,"href":"https:\/\/neantvert.eu\/bref\/wp-json\/wp\/v2\/comments?post=501"}],"version-history":[{"count":2,"href":"https:\/\/neantvert.eu\/bref\/wp-json\/wp\/v2\/pages\/501\/revisions"}],"predecessor-version":[{"id":514,"href":"https:\/\/neantvert.eu\/bref\/wp-json\/wp\/v2\/pages\/501\/revisions\/514"}],"wp:attachment":[{"href":"https:\/\/neantvert.eu\/bref\/wp-json\/wp\/v2\/media?parent=501"}],"curies":[{"name":"wp","href":"https:\/\/api.w.org\/{rel}","templated":true}]}}